j, 0 = j - 4*j + 4*u - 11. Let t = 7 - j. Suppose 4*l - t = 2*i, 5*l + 1 = 4*l + 2*i. What is q(l)?
-4
Let a(b) = -5*b**3 + 3*b**2 + 7*b - 1. Let t(o) = -6*o**3 + 4*o**2 + 8*o - 1. Let c(z) = 5*a(z) - 4*t(z). What is c(2)?
-7
Let w(u) = 2*u - 1. Let x be (12 + -9)*1/3. Determine w(x).
1
Let u(z) = -5*z - 7. Let d(i) = -11*i - 16. Let s(c) = -2*d(c) + 5*u(c). Give s(-3).
6
Let a(h) = -5*h**3 - h**2 + 1. Suppose -2*b - 24 = -4*p, 0 = b - p + 4 + 3. Let u be 1 + b*(2 - 1). Let d be (-1)/((2/(-2))/u). Give a(d).
5
Let y(z) = z + 14. Let x be y(-11). Suppose 15 = -5*k + 3*q, 6*k = x*k + 2*q - 9. Let n(c) = c**2 + 2*c - 4. Give n(k).
-1
Let i be (-6)/(-2)*(-4)/(-6). Let r(a) = -4 - a**3 + 6*a**2 + 2 - i - 5*a + 6. What is r(5)?
2
Let m(s) be the third derivative of -1/20*s**5 - 1/24*s**4 + s**2 - 1/6*s**3 - 1/120*s**6 + 0*s + 0. Give m(-2).
-3
Let f be (7 - 115/25) + (-4)/10. Let l(q) = -3*q**2 - 2*q + 2. Give l(f).
-14
Let a(c) = -c**3 - 5*c**2 - 2*c. Suppose 0 = 3*n - b - 14, -2*n - 2*b + 17 + 3 = 0. Suppose 4*i - i = -n. Give a(i).
-8
Let f = -1 - -1. Suppose f = -2*m + 3*m + 1. Let t = -2 + m. Let p(d) = -d**2 - 3*d + 4. What is p(t)?
4
Let w = -13 + -17. Let b be w/(-9) - 1/3. Let q(g) = g**2 - 5*g + 1. Give q(b).
-5
Let v(p) = 9*p**3 - 9*p**2 - 2. Let x(k) = 5*k**3 - 5*k**2 - 1. Let u(r) = 6*v(r) - 11*x(r). Give u(1).
-1
Suppose 17 = 5*n + 2*m, -4*n + 5*m + 4 = -n. Let j(l) = -2 - 6*l + n + 2 - l**3 + 6*l**2. Calculate j(5).
-2
Let f = 11 + -9. Suppose 17 = o - 4*o - 2*b, f*b = -8. Let v(j) = -3*j + 1. Give v(o).
10
Let o(i) = -3*i - 4. Let k(h) = 2*h + 3. Let z(f) = 7*k(f) + 5*o(f). Let d(a) = a**2 - 2*a + 3. Let u be d(2). Determine z(u).
-2
Let b(j) be the second derivative of 1/6*j**3 - j**2 + j + 0. Suppose 0 = 4*d - 6*d + 4. Calculate b(d).
0
Let q(i) = -i**3 + 5*i**2 + 7*i - 4. Let d be q(6). Suppose 2 + 2 = -3*c - r, 3*c - d*r = -19. Let j(b) = b**3 + 2*b**2 - 3*b - 1. Give j(c).
-1
Let k(x) = -3*x**2 + 15*x + 5. Let z(h) = -5*h**2 + 23*h + 7. Let m(u) = 8*k(u) - 5*z(u). Calculate m(-5).
5
Let s = 7 + -15. Let v = s + 4. Let n(u) = u**2 + 2*u - 5. Give n(v).
3
Let v(c) = 4*c - 1. Suppose -25 = -2*u + 19. Suppose -3*k - 6*g = -g + 9, -u = -5*k + 4*g. Give v(k).
7
Let j(p) be the first derivative of -p - 3 - 3/2*p**2. Give j(-1).
2
Let v(x) be the third derivative of x**6/120 + x**5/60 - x**4/12 - x**3/3 - 4*x**2. Suppose -3*n - 7 = -3*k + 4*k, 5*n = 5*k - 5. Calculate v(n).
-2
Let r(p) = -2*p + 3. Let m = -6 + 9. Suppose m*a - 2 - 4 = 0. Calculate r(a).
-1
Let n(x) = -4*x**3 + x**2 - 2*x - 3. Let b(z) = z**3 - z**2 + 1. Let v(u) = -u**3 - 2*u**2 + u - 3. Let h be v(-3). Let s(q) = h*b(q) + n(q). Determine s(-2).
4
Suppose 4*p = c - 1, -c + 3 = 2*p - 4. Let m = 4 + -2. Let u(j) = -4*j**m + 2 + 2*j - p + 11*j**2. What is u(-1)?
6
Suppose -7 = d + 1. Let u be 16/(-6)*12/d. Suppose u*x = 1 + 15. Let t(k) = -k**2 + 3*k - 6. Give t(x).
-10
Suppose 0*j - 3*j - 15 = 0. Let d be (0 - -3)/(3/2). Let b(x) = 0 - 3*x**d - 3 - 6*x + 2*x**2 - x. What is b(j)?
7
Let m(z) be the second derivative of -7*z**4/12 - z**3/6 + z**2/2 - 3*z. Let g be m(1). Let l(q) = q. Determine l(g).
-7
Let v(g) = -g**3 + 7*g**2 - 5*g - 7. Let b = -26 + 32. Calculate v(b).
-1
Let l(a) = a - 1. Suppose -9*y = -4*y - 80. Let g be (12/y)/((-2)/32). Let t be ((-15)/g)/(2/(-8)). What is l(t)?
-6
Let k(m) = -5 + 4 + 0 + m**3 + 0 + 2*m - 3*m**2. What is k(2)?
-1
Suppose 2*k + 0 = 10. Let b(a) = -3 - 5*a**2 - 3*a + a - a**3 + 2*a**3. Calculate b(k).
-13
Let o(x) = -4*x**3 - x. Let v = 42 + -43. Calculate o(v).
5
Let o(n) be the first derivative of -2*n**3/3 - 2*n**2 + n + 3. Calculate o(-3).
-5
Let t(f) = 2*f + 3*f + 5*f**2 + 0*f**2 - 2 - 4*f**2. Calculate t(-6).
4
Let t(d) = -2*d - 5. Let s(l) = -3 + 0*l - 2 - 3*l + 1. Let y(n) = -4*s(n) + 3*t(n). Determine y(-1).
-5
Let b(a) = 2. Let s(y) = 1. Let w(m) = 2*b(m) - 5*s(m). Let j(u) = u - 6. Let g(t) = 3*j(t) - 21*w(t). What is g(-5)?
-12
Let o = 115 + -112. Let f(h) be the first derivative of -h**2 - 4/3*h**o - 3 - h + 1/4*h**4. What is f(4)?
-9
Let g be 6/15*(-6 - -1). Let q be 4 + 1 + (1 - 3). Let u(f) = f**2 + 3 - q*f + 6*f + f**3 + 2*f**2. Determine u(g).
1
Let w(k) be the first derivative of -k**2/2 + 9*k + 1. Suppose -4*n + 2*n + 10 = 0. Suppose -5*x + n*d + 15 = 0, 3*d = 5 + 1. Give w(x).
4
Let z(t) = t**2 + 2*t - 3. Let q = 76 + -142. Let v be (-11)/q - (-34)/12. Calculate z(v).
12
Let f(v) = v**2 - v - v + 0*v**2. Let k be 15/4 + (-9)/(-36). Give f(k).
8
Let y(p) = 1. Let n(a) = -a - 7. Let g(m) = n(m) + 4*y(m). Let k = -13 - -8. Let q be g(k). Let d(w) = -w**2 + 1. Calculate d(q).
-3
Let i(u) be the third derivative of 0*u + 0 + 1/4*u**4 + 1/120*u**6 - u**2 - 1/10*u**5 + 1/2*u**3. Determine i(5).
8
Let n(y) = -2*y**3 - 4*y**2 - 5*y - 1. Let f be n(-1). Let j(g) = -3*g**2 + g. What is j(f)?
-10
Let y(z) = z**2 - 2*z + 2. Let x be y(2). Let f(s) = -s**x + 0*s**2 + 2 - 4*s - 1. Calculate f(-5).
-4
Let b(j) = -2*j + 6. Let q be b(5). Let t(y) be the second derivative of y**3/6 + 5*y**2/2 - 16*y. Calculate t(q).
1
Let m(s) = s**2 + 4*s. Let n be 0 + 2 - (-3)/3. Let a be ((-4)/n)/(2/(-3)). Suppose 4*h + 6 = b, -5*h + a*b - 4*b = 14. Give m(h).
-4
Let w(k) = k**2 - 6*k - 4. Let x be w(6). Let p(n) = -12*n + 21. Let y(h) = -h + 1. Let m(v) = p(v) - 15*y(v). Determine m(x).
-6
Let w be (-3 - 0)*(-2)/3. Let m(i) = i + 7. Let n(d) = d + 14. Let c(s) = -1. Let g(y) = -c(y) + n(y). Let t(b) = w*g(b) - 5*m(b). What is t(-4)?
7
Let q be (-10)/(-6)*(-3)/1. Let w(j) = -9*j**2 - j - 17. Let b(l) = 3*l**2 + 0*l**2 + 2*l**2 + l + 9. Let x(h) = 11*b(h) + 6*w(h). Give x(q).
-3
Let o(p) be the second derivative of p**4/12 - p**3/3 + 3*p**2 - 15*p. Give o(4).
14
Let l = 0 - 2. Let f be 8/(-2) - 4/l. Let a(t) = -t**3 + 4*t + 3. What is a(f)?
3
Let u(y) = -y**2 + 4*y + 8. Let l(o) be the first derivative of -o**4/4 + 10*o**3/3 - 4*o**2 - 3*o - 2. Let d be l(9). Determine u(d).
-4
Let i(b) = b**2 + 4*b + 2. Let r be i(-2). Let k(m) = 9*m - 7. Let h(s) = -6*s + 5. Let c(v) = -v - 5. Let o be c(0). Let x(u) = o*k(u) - 7*h(u). Give x(r).
6
Let w(d) = -3 + 1 + 0 - d. Suppose 2*k - 11 = -7. What is w(k)?
-4
Let k(q) = q**2 + 4*q + 1. Let j(v) = v**2 + 4*v + 2. Let n(t) = -3*j(t) + 2*k(t). Suppose 48 = h + 3*h. Suppose 0*w = 4*w + h. What is n(w)?
-1
Let j = 3 + -1. Let m be -3 + 2 + j + 0. Let c(k) = -1 - 3 + 0 + 4*k**2 + 3. What is c(m)?
3
Let n(x) = x**2 + 11*x + 14. Let l be n(-10). Suppose -l = 2*g - 6*g. Let w be (1/4 - g)*-4. Let s(c) = 2*c + 2. What is s(w)?
8
Suppose s - 12 = 4*s. Let x(f) = -f - 15. Let c(l) = 8. Let o(z) = 5*c(z) + 3*x(z). Determine o(s).
7
Let s(f) = f + 1. Let j(o) = -2*o - 7. Let c(b) = -j(b) - s(b). Let y(r) = 2*r**2 + r. Let t be y(-2). Give c(t).
12
Let q(r) = r**2 + 8*r - 7. Let f be 18/4*(-4)/2. Let u be q(f). Let a(j) = -2*j. Determine a(u).
-4
Suppose -4*o + 13 = 1. Let m be o/12 - (-7)/4. Let w(j) = j - 6. Let u(g) = g - 5. Let p(c) = 6*u(c) - 5*w(c). What is p(m)?
2
Let i(g) = -4*g + 0*g - 4*g + 4*g. Calculate i(-1).
4
Let y(u) = 4*u + 2. Let q be y(4). Let c be (-1)/(-4) - q/8. Let w(m) = 2*m**3 + m**2 - 4*m - 3. Determine w(c).
-7
Let y(j) = -j**2 + 8*j - 8. Let n be y(6). Let k be (2 + 0)/(n - 6). Let x(h) = -h + h - 1 - 2*h + 4*h**3 - h**2 - 2*h**3. Calculate x(k).
-2
Let p(h) = -h - 7. Let w(j) = -j**3 - 5*j**2 - 4*j - 3. Let z be w(-4). Calculate p(z).
-4
Let t(m) = m. Let d be (-34)/(-6) + 3/9. Let x = -1 - d. Let k(b) = b + 9. Let l be k(x). Calculate t(l).
2
Let t(d) be the third derivative of -d**6/60 + d**5/20 - d**4/24 + d**3/6 + 31*d**2. Calculate t(2).
-5
Let z(l) = -4*l + 5 - 4 - 3 + l**2. Let a(m) = m - 6. Let n be a(10). Give z(n).
-2
Let o(g) = 6*g**2 + 5*g + 4. Suppose 0 = d + 4. Let b(w) = w**2 + w + 1. Let t(f) = d*b(f) + o(f). Let n be 2/(-7) + (-9)/(-7). Calculate t(n).
3
Let r(t) = t**3 + t**2 + t. Let m(j) = -6*j**3 - 9*j**2 - 7*j - 2. Let y(c) = -m(c) - 5*r(c). Calculate y(-4).
-6
Let h(f) = -f - 1. Suppose -5*i = -4*b - 0*i - 10, 0 = 3*i - 6. Let k be h(b). Let z(u) = 10*u. What is z(k)?
-10
Let g(m) = -2 - 4 + 7 - 6*m. Let v(t) = t**3 - 28*t**2 - 30*t + 31. Let x be v(29). What is g(x)?
-11
Let u(p) = 2*p**2 - 9*p - 2. Let g be u(6). Let r = g - 12. Let m(y) = -y**2 + 8*y - 5. Give m